What is (-5 - -6) + -9 - (5 + -8)?
-5
What is 17 + (-8 - (-17 + 15))?
11
What is the value of 13 - (-22 + 3 + 34)?
-2
Calculate -5 - 9 - 6 - -12.
-8
Evaluate -5 - (3 + (-3 - 5)) - -13.
13
What is the value of 13 + -13 + 5 + (2 - -6) + 0?
13
What is the value of (2 - 12) + -7 + 11 - (44 - 29)?
-21
Evaluate -1 + 11 + -16 + 6 - 7 - -20.
13
Evaluate (2751 - 2759) + (-1 - (2 + -5)).
-6
Evaluate ((-7 - -11) + -7 - -3) + (11 - 2).
9
What is -26 + (1 - (-11 + -26))?
12
What is (-2 - -1) + -12 + -8 + 34 + -10?
3
What is (-1 + -4 + 5 - -11) + -18 + 15?
8
What is the value of -24 + 19 + 17 - ((10 - 3) + -1)?
6
Calculate 12 + (-4 - -3) + (29 - 11) + -17.
12
25 + -43 + 4 + 19
5
-17 - (-6 - 0 - (-13 - -7 - -6))
-11
1 + -12 + (126 - 135) - 9
-29
(18 - -7) + -12 + -2
11
Calculate 0 + (-39 + 35 - (-6 - 0) - -5).
7
-6 + (7 - 3) + -11 + -2 + 6
-9
What is 7 - (-14 + -14 + 2 + 18)?
15
Calculate -5 + 4 + 11 + 2 + 9.
21
What is the value of -49 + (13 - -17) + (1 - -4)?
-14
17 + -24 - (-2 - -5) - -7
-3
Evaluate (-2 - -15) + (-3 - -10 - 14).
6
Calculate 6 + (0 - 1) - ((-13 - -1) + 11).
6
What is the value of -4 - (4 + (-5 - (-25 - -11)))?
-17
Evaluate 1 + 2 + (-12 - (10 - (14 + 1))).
-4
What is -30 + (21 - (17 - 16))?
-10
What is 25 - 37 - (-31 + 7)?
12
Calculate -3 - (0 - ((1 + 2 - 10) + 15)).
5
What is 5 - (29 + -33 - (-4 - -1))?
6
Calculate (-3 - (-12 + 1)) + (3 - -8) + -20.
-1
What is the value of 11 - -1 - (77 - 68) - (-15 + -4)?
22
What is the value of -3 - (-4 - -7 - (-3 + (14 - 3)))?
2
What is the value of (4 - 2 - (-34 + 38)) + (-11 - -2)?
-11
Calculate 1542 + -1561 - (-16 + 0).
-3
-6 - (13 - 6 - (-1 + -1 + 1))
-14
What is the value of (2 - 56) + 58 - (2 + 13)?
-11
Calculate -1 + (13 - (5 - -14)).
-7
Evaluate (-32 + 68 - 15) + -21.
0
-18 + 0 - (806 + -807)
-17
Evaluate (2 - 23) + 5 + 9 + 7 - -19.
19
What is the value of -13 + 11 + 2 - (-1 - -1)?
0
-6 - ((-27 - -31) + -6 + 2)
-6
What is the value of (-1 - (2 - -14)) + 25?
8
Evaluate 3 - 3 - (-27 + 18 - (0 + 0)).
9
-35 - (-14 + -3 + 0)
-18
16 + 0 + (2 - (-8 - -15))
11
What is -24 - -30 - (13 - -1)?
-8
10 + 3 + -6 + 12 + 2 + -6
15
Calculate -24 - (5 - (-2 + 5) - 12).
-14
Evaluate (15 - (-4 - -9)) + -5 + -10 + 10.
5
What is the value of -8 - (-7 + (12 - 3) + -10 + 0)?
0
Evaluate 74 - 65 - (4 + 11).
-6
What is -13 + 2 + (13 - (19 - 39))?
22
Calculate -4 + -4 + (13 - (9 + 1)).
-5
What is the value of (3 + -4 - 9) + (91 - 106)?
-25
What is (71 - 69) + (1 - 2) + -28?
-27
-7 - (7 + -6 + 0 + -6)
-2
What is (-5 - 6 - -7 - 5) + -5?
-14
Evaluate (-5 - -5) + -2 + -17 + -2 + 8.
-13
What is 0 + (12 - (1 + -6)) + -8?
9
Calculate -6 - (15 + 1) - (24 - 23).
-23
What is 12 + -2 + (-7 - -25) + (11 - 10)?
29
What is the value of 11 - 2 - (5 + 9 - 15)?
10
Evaluate (4 - -25) + -9 + -12.
8
Calculate -11 + (-2 + 9 - -11).
7
What is -1 + -3 - (-81 + 81 + (-19 - -1))?
14
Calculate -9 - -1 - (-1 - 0) - (-348 + 358).
-17
What is the value of -39 - (14 - (-33 - -74))?
-12
What is (-9 - (-7 + -11)) + -8 - 5?
-4
What is -23 + 15 + 31 + -11?
12
37 - (22 + -12 - -28)
-1
(-3 + -1 - 4 - 4) + -21 + 20
-13
What is the value of -9 - (-15 + 11) - -3?
-2
What is the value of (-8 - (7 - -6)) + -1 + 10?
-12
Evaluate -6 + 26 - (-2 - 1 - (2 - 6)).
19
What is (17 - -14 - 36) + 31?
26
Evaluate (-45 - -37) + 2 + 1 + 1.
-4
Evaluate (2 - 41 - (795 + -825)) + (-1 - 5).
-15
What is the value of -2 + 6 + -12 + (0 - 9)?
-17
(-4 - (55 + -51)) + (-2 - 8)
-18
What is 6 + -4 - (-16 + 6 - 3)?
15
What is the value of 1 - ((121 - 131) + (-1 - (-12 - -1)))?
1
What is (16 - (30 + -19)) + (-1 - 11) + -11?
-18
(10 - (12 + -12 + 1)) + -28
-19
What is (13 - 14) + 12 + 1?
12
What is (-9 - 0 - -3) + (16 - (-5 - -1))?
14
What is 8 + -45 - (-29 + 18)?
-26
Evaluate 17 + -10 + 11 + -2.
16
What is the value of (-1 - -23) + (-204 - -178)?
-4
What is the value of (11 + -3 + -28 + 6 - 2) + 0?
-16
Calculate 25 + -23 - 60 - -43.
-15
Evaluate -3 + (9 - (9 + -13)).
10
Calculate 12 + -12 - 10 - -15.
5
Calculate 29 + (-25 - -2 - 21).
-15
4 - (3 - -13) - 3
-15
Evaluate 1 + -12 - (-23 + -14 + 34).
-8
What is the value of -2 + 11 + -3 + -11 + 5 + 9?
9
What is the value of (-12 - (0 - 11)) + 4?
3
What is -26 - (25 + (13 - 44))?
-20
What is (1 - (-6 - (5 + -8))) + 8 + 8?
20
Evaluate -2 + (2 - 1) - -13 - (10792 - 10791).
11
What is the value of 48 + (11 - (-2 + (28 - 2)))?
35
What is 2 - -2 - (53 + -32 + 6)?
-23
Evaluate 2 + -17 + 33 + -1.
17
(-9 - (5 + 4 + 0)) + -18 + 12
-24
Calculate (-6 - (1 + (0 - -5) + -5)) + 16.
9
(-10 - -12) + (-76 - -74)
0
What is the value of 2 + (-1 - -4) - (-18 - (-16 - 3))?
4
What is -6 + (3 - -1 - (-9 - -8))?
-1
Evaluate -7 + (-6 - (7 - 1 - (28 + -16))).
-7
Calculate -26 + 37 + (-6 - 12) - -10.
3
What is -7 - (-11 + 16 + -3 + -6)?
-3
Evaluate -19 - (-17 - (31 - 8)).
21
Evaluate -18 + (-2 - -7) + 23.
10
Evaluate -1085 + 1087 - (-28 + 1).
29
Calculate 9 + (-36 - -13) - -31.
17
11 + -4 + -1 - (0 - 1 - -2)
5
Evaluate (27 - 13 - 16) + 8 + 2.
8
Evaluate (209 - 260) + (17 - (3 + -3)).
-34
What is -20 + 11 + (6 - 12) - (0 - -1)?
-16
Evaluate 2 + -1 + 2 + -32 + 29.
0
-13 + 21 + (-10 - 12)
-14
Calculate -1 + -2 + 7 + 3 - (-22 - -20).
9
-5 + (8 - (10 + 2)) + 16
7
What is the value of (-11 - (-3 + 10 + -11)) + 2?
-5
1 - 9 - (3 + 3 + -13)
-1
Evaluate (-77 - -74) + -5 + 16.
8
1985 + -1990 + (16 - (-2 - 0))
13
2 - (-5 - (10 + (8 - 14)))
11
What is -1 - (2 + 3 - -3 - -5)?
-14
-1 + (28 - (-5 + 7)) + (-35 - -29)
19
-6 + (0 - -19 - 6) - 8
-1
7 + (4 + -9 - (-8 + 2)) + 2
10
Calculate -1 + 13 + (1 + 3 - (-1 - 0)).
17
What is the value of 8 + (-13 + 2 - -5)?
2
Calculate 40 - -10 - 36 - 27.
-13
15 + -24 + 0 + (-295 - -304)
0
What is the value of 41 + (22 - (20 + 32))?
11
-18 + 9 + -7 - 4
-20
What is the value of (-23 - (-3 - 3)) + -3?
-20
What is the value of 11 + -8 - 10 - 4?
-11
Calculate 3 + (23 - (33 + -17)) + -18 + -1.
-9
What is (-1 - 5) + 7 + 10 + 0 + 0?
11
Evaluate 53 + -48 + (0 - -3) - 30.
-22
0 + 6 + (7 - (1 + 13))
-1
Calculate 660 + -654 - (-2 - (-25 - 1)).
-18
Evaluate (5 - 23) + 28 + -7.
3
Calculate (0 - 4 - -3) + 0 + 1 + -4.
-4
(11 - 3) + 4 + -3 + 2
11
7 + (-10 - -25) + -23 - (1 - -3)
-5
What is the value of (5 - (28 - 28)) + (-1 - 21)?
-17
-2 + -3 + -2 - (255 + -264)
2
What is 38 + -57 - (-8 + -3)?
-8
Calculate (-25 - -5) + 27 + -15 - 0.
-8
What is 7 - (4 + 0 + (-8 - -12)) - -23?
22
What is the value of 1 - (3 + -6) - (-4 + -2 + -8)?
18
-5 - (10 + -15 + -6 + 3 + -4)
7
Evaluate 17 - ((-10 - (-6 + (-3 - 3))) + 1).
14
What is the value of -14 + -15 + -13 + 30?
-12
What is the value of -39 + 4 - (-49 - -24)?
-10
Calculate -6 + (-3 - -3 - -8) + (33 - -3).
38
What is 6 + -10 - (-24 - -1 - (4 + -1))?
22
What is 10 - (15 + 1 + (-83 - -70))?
7
-216 + 214 + (13 - 1)
10
Evaluate 15 + -1 - (-101 - -122).
-7
What is 1 - 1 - ((40 - 30) + -8)?
-2
What is the value of -4 - (-19 + -1 + 5 + 4 + -2)?
9
What is (22 - (3 + 1)) + 1?
19
Calculate (18 - 41) + (34 - 13).
-2
What is the value of (8 - (3 - -7)) + 3 + -5 + -14?
-18
Evaluate (5 - 19) + -3 - -5.
-12
Calculate -28 + 28 - ((1 - (-2 + 1)) + -3).
1
Evaluate (0 - -4) + (169 - 184).
-11
10 + -22 + 3 + 11
2
What is the value of -4 + (6 + (2 - -2) - 7) + -11?
-12
What is (-17 - (-5 - 5)) + 7?
0
What is the value of (2 - (-2 - 3)) + 35 + -36?
6
Calculate (93 - 98 - (-9 + -1 - 0)) + 13.
18
Evaluate 0 - 4 - (-16 - -14).
-2
What is -18 + 16 + (13 - 1)?
10
11 + -10 - (-23 + -3) - 10
17
What is the value of 14 + (11 - 4 - 10 - -4)?
15
10 + 0 + (12 + 10 - 12)
20
What is 64 - 52 - (-2 - 2) - 8?
8
Evaluate (1218 - 1249) + (0 - -37).
6
What is (0 - 1) + -3 + (788 - 806) - 0?
-22
What is (13 - (7 + 8)) + 24?
22
Evaluate -3 + 3 - (-6 + 13).
-7
(2 - -6) + -12 + 2 - 7
-9
Evaluate (0 - -4 - 4 - 5) + 6 + 5.
6
What is the value of -1 + 0 + 0 + -4 + (1438 - 1448)?
-15
Evaluate 1 + 4 - (-21 + 30) - -7.
3
-9 - (0 - 9) - -14
14
Calculate -28 - (14 - 21) - -9.
-12
What is (-3 - 16) + 258 + -250?
-11
Calculate 0 - (-5 - 0) - (-46 + 46).
5
What is 2 - 37 - -32 - -29?
26
Calculate 81 + -71 + (-24 - (-2 + -1)).
-11
Calculate (-3 - 23) + 40 + -16.
-2
What is -12 - (0 - 2) - (-23 + 30 + -5)?
-12
What is (-22 - (-29 + 24)) + 20 + -21 + -1?
-19
-3 + 1 + -1 + 14 + -3 + 4
12
Calculate 26 + -2 + 4 + (-15 - -10).
23
Evaluate 11 + (-6 - 0) + -14 - -16.
7
Evaluate 13 - (24 - 26